{"id":729,"date":"2022-11-02T16:46:01","date_gmt":"2022-11-02T16:46:01","guid":{"rendered":"https:\/\/logisztikaitrendek.hu\/?page_id=729"},"modified":"2022-11-22T17:54:03","modified_gmt":"2022-11-22T17:54:03","slug":"7-evfolyam-2-szam","status":"publish","type":"page","link":"https:\/\/logisztikaitrendek.hu\/index.php\/7-evfolyam-2-szam\/","title":{"rendered":"7. \u00e9vfolyam 2. sz\u00e1m"},"content":{"rendered":"<h1>A teljes lapsz\u00e1m <a href=\"https:\/\/logisztikaitrendek.hu\/wp-content\/uploads\/2022\/11\/Log-Trend-2021-7_2-Online-1.pdf\">itt<\/a> \u00e9rhet\u0151 el<\/h1>\n<h2>Tartalom:<\/h2>\n<p class=\"p1\"><span class=\"s1\"><b>El\u0151sz\u0151<\/b><\/span><\/p>\n<p class=\"p2\"><b>Prof. Dr. Fenyves Veronika <\/b><a href=\"https:\/\/logisztikaitrendek.hu\/wp-content\/uploads\/2022\/11\/7_2_eloszo.pdf\">El\u0151sz\u00f3<\/a><\/p>\n<p class=\"p2\"><b>Dr. Gub\u00e1n Mikl\u00f3s <\/b><a href=\"https:\/\/logisztikaitrendek.hu\/wp-content\/uploads\/2022\/11\/7_2_eloszo.pdf\">El\u0151sz\u00f3<\/a><\/p>\n<p class=\"p5\"><b>Kereskedelem \u00e9s kontrolling szekci\u00f3<\/b><\/p>\n<p class=\"p2\"><b>Prof. Dr. B\u0151gel Gy\u00f6rgy: <\/b><a href=\"https:\/\/logisztikaitrendek.hu\/wp-content\/uploads\/2022\/11\/7_2_Bogel.pdf\">A Gyorsf\u00e9nyk\u00e9p az elektronikus kereskedelemr\u0151l<\/a><\/p>\n<p class=\"p6\">DOI: 10.21405\/logtrend.2021.7.2.3<\/p>\n<p class=\"p2\"><b>Balogh Antal \u2013 Prof. Dr. Z\u00e9man Zolt\u00e1n: <\/b><a href=\"https:\/\/logisztikaitrendek.hu\/wp-content\/uploads\/2022\/11\/7_2_Balogh.pdf\">Kiterjesztett logisztikai kontrolling<\/a><br \/>\n<span class=\"s2\">DOI: 10.21405\/logtrend.2021.7.2.10<\/span><\/p>\n<p class=\"p5\"><b>Ell\u00e1t\u00e1sil\u00e1nc-menedzsment szekci\u00f3<\/b><\/p>\n<p class=\"p2\"><b>Dr. Di\u00f3f\u00e1si-Kov\u00e1cs Orsolya \u2013 Freund Anna: <\/b><a href=\"https:\/\/logisztikaitrendek.hu\/wp-content\/uploads\/2022\/11\/7_2_Diofasi.pdf\">Fenntarthat\u00f3 k\u00f6z\u00e9tkeztet\u00e9s \u00e9s a r\u00f6vid ell\u00e1t\u00e1si l\u00e1ncok kapcsolat\u00e1nak vizsg\u00e1lata \u2013 elemz\u00e9si m\u00f3dszertan kidolgoz\u00e1sa \u00e9s bemutat\u00e1sa egy hazai eset p\u00e9ld\u00e1j\u00e1n kereszt\u00fcl<\/a><br \/>\n<span class=\"s2\">DOI: 10.21405\/logtrend.2021.7.2.16<\/span><\/p>\n<p class=\"p2\"><b>Dr. Egri Imre \u2013 Hollik Csaba: <\/b><a href=\"https:\/\/logisztikaitrendek.hu\/wp-content\/uploads\/2022\/11\/7_2_Egri.pdf\">Ipar 4.0 a vas\u00fat t\u00fckr\u00e9ben<\/a><br \/>\n<span class=\"s2\">DOI: 10.21405\/logtrend.2021.7.2.22<\/span><\/p>\n<p class=\"p2\"><b>Farkasn\u00e9 Gamper Johanna \u2013 Dr. Nagy Judit: <\/b><a href=\"https:\/\/logisztikaitrendek.hu\/wp-content\/uploads\/2022\/11\/7_2_Farkasne.pdf\">Hol \u00e9rt\u00e9kes\u00edts\u00e9k boraikat a magyar bor\u00e1szok? \u2013 A hazai borpiac \u00e9rt\u00e9kes\u00edt\u00e9si csatorn\u00e1inak elemz\u00e9se<\/a><br \/>\n<span class=\"s2\">DOI: 10.21405\/logtrend.2021.7.2.27<\/span><\/p>\n<p class=\"p5\"><b>Digit\u00e1lis ell\u00e1t\u00e1sil\u00e1nc-menedzsment szekci\u00f3<\/b><\/p>\n<p class=\"p2\"><b>Freund Anna \u2013 Dr. Nagy Judit: <\/b><a href=\"https:\/\/logisztikaitrendek.hu\/wp-content\/uploads\/2022\/11\/7_2_Freund.pdf\">A digitaliz\u00e1ci\u00f3 \u00e9s az ell\u00e1t\u00e1si l\u00e1nc k\u00e9pess\u00e9g kapcsolat\u00e1nak vizsg\u00e1lata (feldolgoz\u00f3ipari p\u00e9ld\u00e1n kereszt\u00fcl)<\/a><\/p>\n<p class=\"p6\">DOI: 10.21405\/logtrend.2022.7.2.36<\/p>\n<p class=\"p2\"><b>Dr. Koz\u00e1k Tam\u00e1s \u2013 Dr. Kir\u00e1ly \u00c9va: <\/b><a href=\"https:\/\/logisztikaitrendek.hu\/wp-content\/uploads\/2022\/11\/7_2_Kozak.pdf\">Ell\u00e1t\u00e1sil\u00e1nc-menedzsment j\u00f6v\u0151je a digitaliz\u00e1lt vil\u00e1gban<\/a><\/p>\n<p class=\"p6\">DOI: 10.21405\/logtrend.2021.7.2.42<\/p>\n<p class=\"p2\"><b>Prof. Dr. habil. Szegedi Zolt\u00e1n \u2013 Ulechla Gergely \u2013 Miskolczin\u00e9 Dr. G\u00e1briel M\u00f3nika: <\/b><a href=\"https:\/\/logisztikaitrendek.hu\/wp-content\/uploads\/2022\/11\/7_2_Szegedi.pdf\">A digit\u00e1lis \u00e1talakul\u00e1s a k\u00f6z\u00e9p- \u00e9s kelet-eur\u00f3pai r\u00e9gi\u00f3ban az ell\u00e1t\u00e1si l\u00e1ncok ment\u00e9n<\/a><\/p>\n<p class=\"p6\">DOI: 10.21405\/logtrend.2021.7.2.48<\/p>\n","protected":false},"excerpt":{"rendered":"<p>A teljes lapsz\u00e1m itt \u00e9rhet\u0151 el Tartalom: El\u0151sz\u0151 Prof. Dr. Fenyves Veronika El\u0151sz\u00f3 Dr. Gub\u00e1n Mikl\u00f3s El\u0151sz\u00f3 Kereskedelem \u00e9s kontrolling szekci\u00f3 Prof. Dr. B\u0151gel Gy\u00f6rgy: A Gyorsf\u00e9nyk\u00e9p az elektronikus kereskedelemr\u0151l DOI: 10.21405\/logtrend.2021.7.2.3 Balogh Antal \u2013 Prof. Dr. Z\u00e9man Zolt\u00e1n: Kiterjesztett logisztikai kontrolling DOI: 10.21405\/logtrend.2021.7.2.10 Ell\u00e1t\u00e1sil\u00e1nc-menedzsment szekci\u00f3 Dr. Di\u00f3f\u00e1si-Kov\u00e1cs Orsolya \u2013 Freund Anna: Fenntarthat\u00f3 k\u00f6z\u00e9tkeztet\u00e9s \u00e9s [&hellip;]<\/p>\n","protected":false},"author":1,"featured_media":0,"parent":0,"menu_order":0,"comment_status":"closed","ping_status":"closed","template":"","meta":{"footnotes":""},"class_list":["post-729","page","type-page","status-publish","hentry"],"_links":{"self":[{"href":"https:\/\/logisztikaitrendek.hu\/index.php\/wp-json\/wp\/v2\/pages\/729","targetHints":{"allow":["GET"]}}],"collection":[{"href":"https:\/\/logisztikaitrendek.hu\/index.php\/wp-json\/wp\/v2\/pages"}],"about":[{"href":"https:\/\/logisztikaitrendek.hu\/index.php\/wp-json\/wp\/v2\/types\/page"}],"author":[{"embeddable":true,"href":"https:\/\/logisztikaitrendek.hu\/index.php\/wp-json\/wp\/v2\/users\/1"}],"replies":[{"embeddable":true,"href":"https:\/\/logisztikaitrendek.hu\/index.php\/wp-json\/wp\/v2\/comments?post=729"}],"version-history":[{"count":4,"href":"https:\/\/logisztikaitrendek.hu\/index.php\/wp-json\/wp\/v2\/pages\/729\/revisions"}],"predecessor-version":[{"id":748,"href":"https:\/\/logisztikaitrendek.hu\/index.php\/wp-json\/wp\/v2\/pages\/729\/revisions\/748"}],"wp:attachment":[{"href":"https:\/\/logisztikaitrendek.hu\/index.php\/wp-json\/wp\/v2\/media?parent=729"}],"curies":[{"name":"wp","href":"https:\/\/api.w.org\/{rel}","templated":true}]}}