{"id":845,"date":"2025-04-24T19:33:31","date_gmt":"2025-04-24T19:33:31","guid":{"rendered":"https:\/\/logisztikaitrendek.hu\/?page_id=845"},"modified":"2025-05-26T17:34:29","modified_gmt":"2025-05-26T17:34:29","slug":"10-evfolyam-2-lapszam","status":"publish","type":"page","link":"https:\/\/logisztikaitrendek.hu\/index.php\/10-evfolyam-2-lapszam\/","title":{"rendered":"10. \u00e9vfolyam 2. sz\u00e1m"},"content":{"rendered":"<p>A teljes lapsz\u00e1m\u00a0<a href=\"https:\/\/logisztikaitrendek.hu\/wp-content\/uploads\/2025\/04\/10.21405logtrend.2024.11.2.Eloszo_.pdf\">itt<\/a>\u00a0\u00e9rhet\u0151 el.<\/p>\n<p class=\"p1\"><span class=\"s1\"><b>El\u0151sz\u0151 \u2013 <\/b><\/span><span class=\"s2\"><b>Dr. Kozma T\u00edmea:\u00a0<\/b><\/span><a href=\"https:\/\/logisztikaitrendek.hu\/wp-content\/uploads\/2025\/04\/10.21405logtrend.2024.11.2.Eloszo_.pdf\"><span class=\"s2\"><b>Finansz\u00edroz\u00e1si kih\u00edv\u00e1sok \u00e9s gazdas\u00e1gi hat\u00e1sok<\/b><\/span><\/a><\/p>\n<p class=\"p5\"><span class=\"s4\"><b>Dr. Szentesi Ibolya \u2013 Dr. Posta L\u00e1szl\u00f3 \u2013 Dr. T\u00far\u00f3czi Imre \u2013\u00a0Dr. T\u00f3th R\u00f3bert:<\/b><\/span><a href=\"https:\/\/logisztikaitrendek.hu\/wp-content\/uploads\/2025\/04\/10.21405logtrend.2024.11.2.3.pdf\"><span class=\"s2\"> Kitermelhet\u0151-e a j\u00e1rm\u0171park meg\u00faj\u00edt\u00e1s\u00e1hoz sz\u00fcks\u00e9ges forr\u00e1s a mai magyar gazdas\u00e1gban az \u00e1rufuvaroz\u00e1s ter\u00fclet\u00e9n?<\/span><\/a><\/p>\n<p class=\"p6\">DOI: 10.21405\/logtrend.2024.11.2.3<\/p>\n<p class=\"p5\"><span class=\"s4\"><b>Varga Alexandra Ildik\u00f3: <\/b><\/span><a href=\"https:\/\/logisztikaitrendek.hu\/wp-content\/uploads\/2025\/04\/10.21405logtrend.2024.11.2.10.pdf\"><span class=\"s2\">A budapesti k\u00f6z\u00f6ss\u00e9gi k\u00f6zleked\u00e9s finansz\u00edroz\u00e1si k\u00e9rd\u00e9sei napjainkban<\/span><\/a><\/p>\n<p class=\"p6\">DOI: 10.21405\/logtrend.2024.11.2.10<\/p>\n<p class=\"p5\"><span class=\"s4\"><b>Dr. Koz\u00e1k Tam\u00e1s \u2013 Dr. Fenyvesi \u00c9va: <\/b><\/span><a href=\"https:\/\/logisztikaitrendek.hu\/wp-content\/uploads\/2025\/04\/10.21405logtrend.2024.11.2.16.pdf\"><span class=\"s2\">A platformgazdas\u00e1g hat\u00e1sa a kiskereskedelemre<\/span><\/a><\/p>\n<p class=\"p8\">DOI: 10.21405\/logtrend.2024.11.2.16<\/p>\n<p class=\"p4\"><span class=\"s2\"><b>K\u00f6rnyezettudatoss\u00e1g \u00e9s logisztikai innov\u00e1ci\u00f3k<\/b><b><\/b><\/span><\/p>\n<p class=\"p9\"><span class=\"s5\"><b>Dr. habil P\u00f3nusz M\u00f3nika \u2013 Dr. K\u0151v\u00e1g\u00f3 Gy\u00f6rgyi \u2013 Dr. Vig Zolt\u00e1n \u2013 Dr. T\u00f3th R\u00f3bert: <\/b><\/span><a href=\"https:\/\/logisztikaitrendek.hu\/wp-content\/uploads\/2025\/04\/10.21405logtrend.2024.11.2.25.pdf\"><span class=\"s6\">A k\u00f6rnyezettudatos csomagol\u00e1s fogyaszt\u00f3i percepci\u00f3i<\/span><\/a><\/p>\n<p class=\"p6\">DOI: 10.21405\/logtrend.2024.11.2.25<\/p>\n<p class=\"p5\"><span class=\"s4\"><b>P\u00f3ka Viktor \u2013 \u2020 Dr. R\u00e9ger B\u00e9la \u2013 Dr. Vigh L\u00e1szl\u00f3: <\/b><\/span><a href=\"https:\/\/logisztikaitrendek.hu\/wp-content\/uploads\/2025\/04\/10.21405logtrend.2024.11.2.36.pdf\"><span class=\"s2\">A kontrolling fontoss\u00e1ga az e-kereskedelem logisztikai folyamataiban<\/span><\/a><\/p>\n<p class=\"p6\">DOI: 10.21405\/logtrend.2024.11.2.36<\/p>\n<p class=\"p5\"><span class=\"s4\"><b>Moln\u00e1r \u00c9va \u2013 Freund Anna: <\/b><\/span><a href=\"https:\/\/logisztikaitrendek.hu\/wp-content\/uploads\/2025\/04\/10.21405logtrend.2024.11.2.44.pdf\"><span class=\"s2\">K\u00e9szletez\u00e9si k\u00e9rd\u00e9sek vizsg\u00e1lata v\u00e1ls\u00e1ghelyzetekben \u2013 elemz\u00e9s az \u00e9lelmiszeripari kiskereskedelem p\u00e9ld\u00e1j\u00e1n kereszt\u00fcl<\/span><\/a><\/p>\n<p class=\"p6\">DOI: 10.21405\/logtrend.2024.11.2.44<\/p>\n<p class=\"p5\"><span class=\"s4\"><b>Gombk\u00f6t\u0151 Judit \u2013 Dr. Kozma T\u00edmea: <\/b><\/span><a href=\"https:\/\/logisztikaitrendek.hu\/wp-content\/uploads\/2025\/04\/10.21405logtrend.2024.11.2.53.pdf\"><span class=\"s2\">A logisztika jelent\u0151s\u00e9ge a h\u00e9tk\u00f6znapi ing\u00e1z\u00e1s optimaliz\u00e1l\u00e1s\u00e1ban<\/span><\/a><\/p>\n<p class=\"p6\">DOI: 10.21405\/logtrend.2024.11.2.53<\/p>\n","protected":false},"excerpt":{"rendered":"<p>A teljes lapsz\u00e1m\u00a0itt\u00a0\u00e9rhet\u0151 el. El\u0151sz\u0151 \u2013 Dr. Kozma T\u00edmea:\u00a0Finansz\u00edroz\u00e1si kih\u00edv\u00e1sok \u00e9s gazdas\u00e1gi hat\u00e1sok Dr. Szentesi Ibolya \u2013 Dr. Posta L\u00e1szl\u00f3 \u2013 Dr. T\u00far\u00f3czi Imre \u2013\u00a0Dr. T\u00f3th R\u00f3bert: Kitermelhet\u0151-e a j\u00e1rm\u0171park meg\u00faj\u00edt\u00e1s\u00e1hoz sz\u00fcks\u00e9ges forr\u00e1s a mai magyar gazdas\u00e1gban az \u00e1rufuvaroz\u00e1s ter\u00fclet\u00e9n? DOI: 10.21405\/logtrend.2024.11.2.3 Varga Alexandra Ildik\u00f3: A budapesti k\u00f6z\u00f6ss\u00e9gi k\u00f6zleked\u00e9s finansz\u00edroz\u00e1si k\u00e9rd\u00e9sei napjainkban DOI: 10.21405\/logtrend.2024.11.2.10 Dr. [&hellip;]<\/p>\n","protected":false},"author":1,"featured_media":0,"parent":0,"menu_order":0,"comment_status":"closed","ping_status":"closed","template":"","meta":{"footnotes":""},"class_list":["post-845","page","type-page","status-publish","hentry"],"_links":{"self":[{"href":"https:\/\/logisztikaitrendek.hu\/index.php\/wp-json\/wp\/v2\/pages\/845","targetHints":{"allow":["GET"]}}],"collection":[{"href":"https:\/\/logisztikaitrendek.hu\/index.php\/wp-json\/wp\/v2\/pages"}],"about":[{"href":"https:\/\/logisztikaitrendek.hu\/index.php\/wp-json\/wp\/v2\/types\/page"}],"author":[{"embeddable":true,"href":"https:\/\/logisztikaitrendek.hu\/index.php\/wp-json\/wp\/v2\/users\/1"}],"replies":[{"embeddable":true,"href":"https:\/\/logisztikaitrendek.hu\/index.php\/wp-json\/wp\/v2\/comments?post=845"}],"version-history":[{"count":3,"href":"https:\/\/logisztikaitrendek.hu\/index.php\/wp-json\/wp\/v2\/pages\/845\/revisions"}],"predecessor-version":[{"id":849,"href":"https:\/\/logisztikaitrendek.hu\/index.php\/wp-json\/wp\/v2\/pages\/845\/revisions\/849"}],"wp:attachment":[{"href":"https:\/\/logisztikaitrendek.hu\/index.php\/wp-json\/wp\/v2\/media?parent=845"}],"curies":[{"name":"wp","href":"https:\/\/api.w.org\/{rel}","templated":true}]}}