{"id":855,"date":"2026-01-28T15:37:38","date_gmt":"2026-01-28T15:37:38","guid":{"rendered":"https:\/\/logisztikaitrendek.hu\/?page_id=855"},"modified":"2026-01-28T15:42:18","modified_gmt":"2026-01-28T15:42:18","slug":"11-evfolyam-1-szam","status":"publish","type":"page","link":"https:\/\/logisztikaitrendek.hu\/index.php\/11-evfolyam-1-szam\/","title":{"rendered":"11. \u00e9vfolyam 1. sz\u00e1m"},"content":{"rendered":"<p>A teljes lapsz\u00e1m\u00a0<a href=\"https:\/\/logisztikaitrendek.hu\/wp-content\/uploads\/2026\/01\/Log-Trend-2025_online.pdf\">itt<\/a>\u00a0\u00e9rhet\u0151 el.<\/p>\n<p class=\"p1\"><span class=\"s1\"><b>El\u0151sz\u0151:\u00a0<\/b><\/span><span class=\"s2\"><b>Dr. T\u00far\u00f3czi Imre<\/b><\/span><\/p>\n<p>&nbsp;<\/p>\n<p class=\"p3\"><span class=\"s2\"><b>V\u00e1rosi logisztika<\/b><\/span><\/p>\n<p class=\"p4\"><span class=\"s2\"><b>Csipk\u00e9s Margit:\u00a0<\/b><\/span><span class=\"s2\">A v\u00e1rosi rakt\u00e1rak elhelyez\u00e9s\u00e9nek befoly\u00e1sol\u00f3 szerepe a sz\u00e1ll\u00edt\u00e1si t\u00e1vols\u00e1gokra \u00e9s a k\u00fcl\u00f6nb\u00f6z\u0151 k\u00f6lts\u00e9gekre<\/span><\/p>\n<p class=\"p6\"><span class=\"s2\">DOI: 10.21405\/logtrend.2025.08.1.3<\/span><\/p>\n<p class=\"p8\"><b>Faludi Tam\u00e1s: <\/b>A r\u00f6vid ell\u00e1t\u00e1si l\u00e1ncok m\u0171k\u00f6d\u00e9si hat\u00e9konys\u00e1g n\u00f6vel\u00e9s\u00e9nek innovat\u00edv megk\u00f6zel\u00edt\u00e9se city logisztikai eszk\u00f6z\u00f6k felhaszn\u00e1l\u00e1s\u00e1val<\/p>\n<p class=\"p10\">DOI: 10.21405\/logtrend.2025.08.1.11<\/p>\n<p class=\"p8\"><b>Szil\u00e1gyi Fruzsina \u2013 Csipk\u00e9s Margit: <\/b><b><\/b>A fegyverpiac ell\u00e1t\u00e1si l\u00e1nc\u00e1nak \u00e1ttekint\u00e9se Magyarorsz\u00e1gon<\/p>\n<p class=\"p10\">DOI: 10.21405\/logtrend.2025.08.1.18<\/p>\n<p>&nbsp;<\/p>\n<p class=\"p3\"><span class=\"s2\"><b>Fenntarthat\u00f3s\u00e1g \u00e9s ESG<\/b><\/span><\/p>\n<p class=\"p8\"><b>Farkas Krisztina Anik\u00f3 \u2013 Tangl Anita: <\/b>Logisztikai v\u00e1llalkoz\u00e1sok k\u00f6rnyezetszennyez\u00e9sre vonatkoz\u00f3 k\u00f6zz\u00e9t\u00e9teli k\u00f6vetelm\u00e9nyei a fenntarthat\u00f3s\u00e1gi jelent\u00e9sben<\/p>\n<p class=\"p10\">DOI: 10.21405\/logtrend.2025.08.1.27<\/p>\n<p class=\"p8\"><b>Hajnal Zs\u00f3fia \u2013 Tangl Anita:\u00a0<\/b>Napelemes beruh\u00e1z\u00e1s, elektromos j\u00e1rm\u0171 vs. z\u00f6ld befektet\u00e9sek<\/p>\n<p class=\"p10\">DOI: 10.21405\/logtrend.2025.08.1.37<\/p>\n<p class=\"p8\"><b>Khademi-Vidra Anik\u00f3:\u00a0<\/b>Fenntarthat\u00f3 munkav\u00e9gz\u00e9s a k\u00f6z\u00fati fuvaroz\u00e1sban: a j\u00e1rm\u0171vezet\u0151k j\u00f3ll\u00e9t\u00e9nek \u00e9s teljes\u00edtm\u00e9ny\u00e9nek \u00f6sszef\u00fcgg\u00e9sei<\/p>\n<p class=\"p10\">DOI: 10.21405\/logtrend.2025.08.1.50<\/p>\n<p>&nbsp;<\/p>\n<p class=\"p3\"><span class=\"s2\"><b>Operat\u00edv teljes\u00edtm\u00e9ny, kock\u00e1zatok \u00e9s int\u00e9zm\u00e9nyi m\u0171k\u00f6d\u00e9s<\/b><\/span><\/p>\n<p class=\"p8\"><b>Khademi-Vidra Anik\u00f3:\u00a0<\/b>A k\u00f6z\u00fati fuvaroz\u00e1s fenntarthat\u00f3s\u00e1ga a m\u0171szaki\u2013operat\u00edv gyakorlat t\u00fckr\u00e9ben<\/p>\n<p class=\"p9\">DOI: 10.21405\/logtrend.2025.08.1.55<\/p>\n<p class=\"p8\"><b>Szentesi Ibolya \u2013 Posta L\u00e1szl\u00f3 \u2013 T\u00f3th R\u00f3bert \u2013 T\u00far\u00f3czi Imre:\u00a0<\/b><b><\/b>A k\u00f6z\u00fati \u00e1rufuvaroz\u00e1si tev\u00e9kenys\u00e9g gazdas\u00e1gi kock\u00e1zatainak becsl\u00e9se \u00e9s kezel\u00e9se<\/p>\n<p class=\"p10\">DOI: 10.21405\/logtrend.2025.08.1.61<\/p>\n<p class=\"p8\"><b>Kris\u00e1n L\u00e1szl\u00f3:\u00a0<\/b><b><\/b>A magyar gazdas\u00e1g teljes\u00edtm\u00e9nynek saj\u00e1toss\u00e1gai, a sz\u00e1ll\u00edtm\u00e1nyoz\u00e1si \u00e1gazat gazdas\u00e1gi teljes\u00edtm\u00e9ny\u00e9nek alakul\u00e1sa, kit\u00f6r\u00e9si lehet\u0151s\u00e9gek<\/p>\n<p class=\"p10\">DOI: 10.21405\/logtrend.2025.08.1.71<\/p>\n<p class=\"p8\"><b>Sz\u0171cs R\u00f3bert S\u00e1ndor:\u00a0<\/b>Az \u00f6nkiszolg\u00e1l\u00f3 kassz\u00e1k fogyaszt\u00f3i meg\u00edt\u00e9l\u00e9se a demogr\u00e1fiai t\u00e9nyez\u0151k t\u00fckr\u00e9ben<\/p>\n<p class=\"p10\">DOI: 10.21405\/logtrend.2025.08.1.79<\/p>\n<p class=\"p8\"><b>Herman Zsuzsanna: <\/b><b><\/b>\u00c9rt\u00e9kalap\u00fa integrit\u00e1s \u00e9s compliance kult\u00fara a k\u00f6z- \u00e9s v\u00e1llalati ir\u00e1ny\u00edt\u00e1sban \u2013 nemzetk\u00f6zi modellek \u00e9s magyar tapasztalatok<\/p>\n<p class=\"p10\">DOI: 10.21405\/logtrend.2025.08.1.89<\/p>\n","protected":false},"excerpt":{"rendered":"<p>A teljes lapsz\u00e1m\u00a0itt\u00a0\u00e9rhet\u0151 el. El\u0151sz\u0151:\u00a0Dr. T\u00far\u00f3czi Imre &nbsp; V\u00e1rosi logisztika Csipk\u00e9s Margit:\u00a0A v\u00e1rosi rakt\u00e1rak elhelyez\u00e9s\u00e9nek befoly\u00e1sol\u00f3 szerepe a sz\u00e1ll\u00edt\u00e1si t\u00e1vols\u00e1gokra \u00e9s a k\u00fcl\u00f6nb\u00f6z\u0151 k\u00f6lts\u00e9gekre DOI: 10.21405\/logtrend.2025.08.1.3 Faludi Tam\u00e1s: A r\u00f6vid ell\u00e1t\u00e1si l\u00e1ncok m\u0171k\u00f6d\u00e9si hat\u00e9konys\u00e1g n\u00f6vel\u00e9s\u00e9nek innovat\u00edv megk\u00f6zel\u00edt\u00e9se city logisztikai eszk\u00f6z\u00f6k felhaszn\u00e1l\u00e1s\u00e1val DOI: 10.21405\/logtrend.2025.08.1.11 Szil\u00e1gyi Fruzsina \u2013 Csipk\u00e9s Margit: A fegyverpiac ell\u00e1t\u00e1si l\u00e1nc\u00e1nak \u00e1ttekint\u00e9se Magyarorsz\u00e1gon DOI: [&hellip;]<\/p>\n","protected":false},"author":1,"featured_media":0,"parent":0,"menu_order":0,"comment_status":"closed","ping_status":"closed","template":"","meta":{"footnotes":""},"class_list":["post-855","page","type-page","status-publish","hentry"],"_links":{"self":[{"href":"https:\/\/logisztikaitrendek.hu\/index.php\/wp-json\/wp\/v2\/pages\/855","targetHints":{"allow":["GET"]}}],"collection":[{"href":"https:\/\/logisztikaitrendek.hu\/index.php\/wp-json\/wp\/v2\/pages"}],"about":[{"href":"https:\/\/logisztikaitrendek.hu\/index.php\/wp-json\/wp\/v2\/types\/page"}],"author":[{"embeddable":true,"href":"https:\/\/logisztikaitrendek.hu\/index.php\/wp-json\/wp\/v2\/users\/1"}],"replies":[{"embeddable":true,"href":"https:\/\/logisztikaitrendek.hu\/index.php\/wp-json\/wp\/v2\/comments?post=855"}],"version-history":[{"count":4,"href":"https:\/\/logisztikaitrendek.hu\/index.php\/wp-json\/wp\/v2\/pages\/855\/revisions"}],"predecessor-version":[{"id":860,"href":"https:\/\/logisztikaitrendek.hu\/index.php\/wp-json\/wp\/v2\/pages\/855\/revisions\/860"}],"wp:attachment":[{"href":"https:\/\/logisztikaitrendek.hu\/index.php\/wp-json\/wp\/v2\/media?parent=855"}],"curies":[{"name":"wp","href":"https:\/\/api.w.org\/{rel}","templated":true}]}}